the highest common factor of 1719116 and 7546?
686
Calculate the greatest common divisor of 13250 and 477.
53
What is the greatest common factor of 1070 and 1926?
214
What is the highest common factor of 10582 and 3575?
143
Calculate the greatest common factor of 6854 and 161.
23
What is the greatest common divisor of 137757 and 94?
47
What is the highest common factor of 432 and 83538?
54
Calculate the greatest common factor of 84 and 97671.
21
What is the highest common divisor of 10 and 144255?
5
Calculate the greatest common divisor of 12636 and 485676.
324
What is the highest common divisor of 1692 and 224284?
188
What is the highest common divisor of 164846 and 254?
254
What is the highest common factor of 30 and 19230?
30
Calculate the highest common divisor of 207 and 695727.
207
Calculate the greatest common divisor of 49170 and 10.
10
Calculate the highest common factor of 777 and 34041.
21
Calculate the greatest common factor of 3420 and 832941.
171
Calculate the greatest common divisor of 5876 and 104.
52
What is the highest common divisor of 804 and 1637346?
402
Calculate the greatest common divisor of 281 and 558066.
281
What is the highest common divisor of 54 and 132930?
18
What is the highest common divisor of 21 and 11485152?
21
What is the highest common factor of 19720 and 18360?
680
What is the greatest common divisor of 100 and 9739700?
100
What is the highest common divisor of 308 and 521808?
28
What is the greatest common divisor of 24624 and 1520?
304
Calculate the greatest common divisor of 6 and 5667.
3
Calculate the highest common factor of 735 and 255045.
735
Calculate the highest common divisor of 201 and 94604.
67
Calculate the highest common divisor of 696 and 732672.
24
Calculate the greatest common factor of 5193 and 36.
9
What is the highest common divisor of 528734 and 34?
34
What is the highest common divisor of 527 and 34238?
17
What is the highest common factor of 1080 and 16038?
54
Calculate the highest common factor of 1855 and 1365.
35
Calculate the highest common divisor of 390833 and 928.
29
Calculate the greatest common factor of 13668 and 476.
68
Calculate the greatest common factor of 72744 and 4032.
168
What is the highest common divisor of 107040 and 2280?
120
What is the highest common divisor of 29374 and 76?
38
What is the highest common factor of 2126 and 12133082?
2126
What is the highest common factor of 9120 and 54?
6
Calculate the highest common factor of 290 and 90770.
290
What is the highest common factor of 113283 and 29472?
921
What is the greatest common divisor of 28296 and 3799?
131
Calculate the greatest common divisor of 2819016 and 9.
9
Calculate the greatest common divisor of 16 and 43696.
16
Calculate the greatest common factor of 234764 and 152.
76
What is the highest common factor of 327 and 3420311?
109
What is the highest common factor of 6700 and 3512?
4
Calculate the greatest common factor of 154 and 195398.
14
What is the highest common factor of 84 and 54159?
21
Calculate the highest common factor of 238 and 2176.
34
Calculate the highest common factor of 135 and 52005.
15
What is the highest common divisor of 9675 and 132900?
75
What is the highest common divisor of 828 and 24372?
36
What is the highest common factor of 1618738 and 242?
242
What is the highest common factor of 301630 and 11815?
695
What is the greatest common factor of 286 and 409838?
286
Calculate the greatest common divisor of 357776 and 32.
16
Calculate the greatest common factor of 114562 and 501.
167
What is the greatest common divisor of 40477 and 3?
1
Calculate the highest common factor of 8720 and 160.
80
Calculate the greatest common factor of 594 and 880.
22
Calculate the highest common factor of 37 and 141007.
37
Calculate the greatest common divisor of 75320 and 3640.
280
Calculate the greatest common factor of 7630 and 1245870.
1090
What is the highest common factor of 128304 and 935?
11
Calculate the highest common divisor of 16960 and 2400.
160
Calculate the highest common factor of 22 and 34872.
2
Calculate the greatest common divisor of 172771 and 1241.
17
Calculate the greatest common factor of 131057 and 26843.
1579
What is the greatest common factor of 4381 and 208?
13
What is the greatest common factor of 88605 and 14850?
495
What is the highest common divisor of 1620 and 750?
30
What is the greatest common factor of 25 and 1252525?
25
Calculate the highest common divisor of 3546 and 72.
18
Calculate the highest common divisor of 50 and 11216350.
50
What is the greatest common divisor of 121936 and 64?
16
Calculate the greatest common divisor of 1432 and 1160278.
358
Calculate the highest common factor of 827 and 389.
1
What is the highest common factor of 1207 and 439561?
71
What is the highest common factor of 6786 and 98919?
261
What is the highest common divisor of 113850 and 21560?
110
Calculate the greatest common factor of 746 and 70497.
373
Calculate the highest common factor of 770753 and 4371.
1457
What is the highest common divisor of 414 and 54464?
46
Calculate the highest common factor of 16416 and 16.
16
Calculate the highest common factor of 34 and 10999.
17
Calculate the highest common divisor of 81 and 178929.
81
Calculate the greatest common factor of 158048 and 154.
22
Calculate the highest common factor of 2630481 and 42.
21
Calculate the greatest common factor of 58986 and 339.
339
Calculate the highest common divisor of 32640 and 37536.
1632
What is the greatest common divisor of 39 and 3341?
13
Calculate the greatest common factor of 139296 and 64.
32
Calculate the highest common factor of 33456 and 60106.
82
Calculate the highest common factor of 37942 and 427.
61
Calculate the greatest common factor of 202550 and 25.
25
Calculate the highest common factor of 7035 and 4795.
35
Calculate the greatest common divisor of 2073 and 467807.
691
What is the greatest common divisor of 126 and 756014?
14
What is the greatest common divisor of 16 and 8251216?
16
Calculate the highest common factor of 186433 and 13.
13
What is the highest common factor of 280925 and 425?
425
What is the highest common factor of 496 and 173912?
8
What is the greatest common factor of 294 and 83244?
42
Calculate the greatest common factor of 135361 and 4683.
223
Calculate the highest common factor of 1996 and 1305883.
499
Calculate the highest common divisor of 2488 and 7856.
8
Calculate the greatest common factor of 28 and 23338.
14
Calculate the highest common factor of 410 and 29684.
82
Calculate the greatest common divisor of 2060 and 4140.
20
What is the highest common factor of 38250 and 4437?
153
Calculate the greatest common factor of 29 and 22620.
29
Calculate the greatest common divisor of 1191 and 28981.
397
What is the greatest common factor of 143616 and 2346?
102
What is the greatest common divisor of 102845 and 4605?
1535
Calculate the highest common factor of 720 and 22590.
90
Calculate the greatest common factor of 655 and 152091.
131
What is the highest common factor of 323 and 4046?
17
What is the greatest common factor of 68 and 70958?
34
What is the highest common factor of 6 and 7354?
2
What is the highest common factor of 1012692 and 516?
12
Calculate the highest common factor of 37213 and 398.
199
What is the highest common divisor of 94602 and 96?
6
Calculate the highest common factor of 16200 and 107000.
200
Calculate the greatest common divisor of 1048095 and 135.
45
What is the highest common factor of 2799039 and 219?
219
Calculate the greatest common factor of 5184879 and 21.
21
What is the highest common divisor of 495 and 31959?
9
Calculate the greatest common divisor of 31983 and 483.
21
What is the highest common factor of 224 and 102224?
16
Calculate the highest common divisor of 2550 and 14.
2
Calculate the highest common factor of 154 and 494578.
14
What is the greatest common divisor of 210 and 60585?
105
Calculate the greatest common factor of 219849 and 261.
87
What is the highest common factor of 2856 and 1176?
168
What is the greatest common factor of 20 and 351740?
20
What is the highest common factor of 534 and 266021?
89
Calculate the highest common divisor of 134205 and 690.
345
What is the highest common divisor of 175 and 686035?
35
C